ermine w(-11).
1
Let g(q) = -2*q + 16. Determine g(-7).
30
Let y(d) = d**3 - 7*d**2 + 9*d - 9. What is y(6)?
9
Let m(d) = -52*d - 2. Determine m(1).
-54
Let p(f) = f**2 + 7*f - 43. Calculate p(-10).
-13
Let c(d) = -d**3 + 40*d**2 - 75*d - 34. Calculate c(38).
4
Let c(a) = 2*a**2 + 57*a + 58. Give c(-1).
3
Let u(p) = 10*p - 87. Give u(11).
23
Let u(p) = p - 29. What is u(14)?
-15
Let q(m) = -m**3 + 6*m**2 + 6*m + 12. Calculate q(7).
5
Let k(p) = p**2 + 16*p + 26. Give k(-15).
11
Let c(f) = 2*f - 8. Give c(8).
8
Let a(x) = 2*x**2 - 36*x + 98. What is a(3)?
8
Let j(s) = -s - 32. Calculate j(-26).
-6
Let h(q) = q**3 + 14*q**2 - 17*q - 33. Give h(-15).
-3
Let f(k) = -81*k + 728. Give f(9).
-1
Let j(x) = -9*x - 32. Give j(-4).
4
Let k(d) = -9*d - 52. Determine k(-3).
-25
Let b(t) = -2*t - 71. Calculate b(-30).
-11
Let g(j) = -j**2 + 8*j - 8. What is g(7)?
-1
Let n(t) = t**2 + 13*t + 13. What is n(-9)?
-23
Let o(t) = -41*t. Calculate o(1).
-41
Let j(k) = 19*k**2 + 2*k - 1. Give j(1).
20
Let u(q) = 5*q**2 + 2*q + 1. Give u(2).
25
Let z(n) = -n**3 + 12*n**2 - 2*n + 22. What is z(12)?
-2
Let y(n) = 7*n - 69. Determine y(15).
36
Let c(t) = t**2 - 16*t + 57. Give c(8).
-7
Let y(d) = -d**3 - 4*d**2 - 2*d - 2. Calculate y(-3).
-5
Let q(z) = -z**3 + 6*z**2 - 8*z + 2. Give q(4).
2
Let l(b) = 2*b**2 + 52*b. Determine l(-26).
0
Let j(c) = -c + 1. Calculate j(-4).
5
Let m(h) = -5*h + 8. Determine m(2).
-2
Let n(m) = -24*m**2 + 2*m - 1. Calculate n(1).
-23
Let a(o) = -19*o - 150. Determine a(-8).
2
Let l(b) = -14*b + 36. Calculate l(1).
22
Let i(u) = -6*u + 5. Determine i(1).
-1
Let g(x) = x - 20. What is g(16)?
-4
Let p(y) = -6*y**2 + 20*y - 26. Calculate p(2).
-10
Let c(o) = -o**2 - 11*o - 14. Calculate c(-10).
-4
Let q(b) = -b**3 - 8*b**2 + 6*b + 7. Determine q(-8).
-41
Let r(v) = -2*v + 2. What is r(2)?
-2
Let p(v) = -v - 10. Give p(7).
-17
Let v(b) = -2*b - 26. Determine v(-17).
8
Let t(m) = -m**3 + 3*m**2 + 4*m - 7. Determine t(4).
-7
Let o(b) = -10*b**3 - b**2 + 1. Calculate o(-1).
10
Let l(r) = r**3 - 7*r**2 + 7*r - 10. What is l(6)?
-4
Let o(w) = w**2 + 10*w + 14. What is o(-7)?
-7
Let x(q) = -q**2 - 6*q - 2. What is x(-4)?
6
Let p(o) = o**3 + 6*o**2 - 6*o + 5. What is p(-6)?
41
Let t(b) = b**3 - 6*b**2 - 5*b + 5. What is t(4)?
-47
Let h(b) = 44*b - 400. Give h(9).
-4
Let d(k) = -4*k - 34. Determine d(-9).
2
Let w(r) = r**2 - 4*r - 5. Give w(7).
16
Let u(r) = r**3 - r**2 - 3*r + 102. What is u(0)?
102
Let f(h) = 9*h + 1. Determine f(2).
19
Let g(o) = -11*o - 85. Determine g(-12).
47
Let b(l) = -l**2 + 19*l - 90. Calculate b(11).
-2
Let z(i) = i**3 + 10*i**2 + i - 15. What is z(-10)?
-25
Let w(z) = z**2 - 7*z + 7. Calculate w(6).
1
Let t(n) = 5*n**2 - 15*n + 1. Give t(3).
1
Let j(h) = -2*h**2 + 12*h + 10. What is j(9)?
-44
Let y(m) = -m**3 + 9*m**2 - 10*m + 14. Calculate y(8).
-2
Let k(u) = -u**2 + 6*u + 4. Calculate k(8).
-12
Let w(p) = -p**3 + 6*p**2 - 4*p + 17. Calculate w(6).
-7
Let s(k) = -10*k + 13. Determine s(2).
-7
Let j(m) = -4*m - 86. Give j(-28).
26
Let t(n) = -2*n**3 - 4*n**2 + 2*n - 2. Give t(-3).
10
Let b(x) = x**3 - 3*x**2 + 8*x - 10. Calculate b(4).
38
Let v(q) = -2*q - 4. Give v(-18).
32
Let p(v) = 3*v**2 + 43*v + 75. Give p(-12).
-9
Let y(n) = -2*n**2 - 16*n - 24. Determine y(-7).
-10
Let c(q) = 9*q + 2. Give c(0).
2
Let v(o) = 9*o + 85. Give v(-10).
-5
Let t(a) = -a**2 + 19*a + 6. What is t(19)?
6
Let k(p) = -2*p**3 + 5*p**2 + 5*p - 2. What is k(3)?
4
Let i(z) = -z**3 + 12*z**2 - 8*z - 42. What is i(11)?
-9
Let i(k) = -k**3 - 4*k**2 + 11*k + 3. Give i(-6).
9
Let t(i) = -7*i + 38. Determine t(6).
-4
Let f(g) = -5*g + 52. What is f(8)?
12
Let b(j) = 18*j**2 - 12*j + 11. Give b(1).
17
Let k(c) = 4*c - 5. What is k(-5)?
-25
Let n(h) = 6*h + 135. Calculate n(-21).
9
Let d(v) = -v**3 + 7*v**2 + 4*v - 4. What is d(6)?
56
Let l(j) = 2*j + 15. Calculate l(-9).
-3
Let g(p) = p**2 - 16*p + 10. What is g(16)?
10
Let h(t) = -t**3 + 12*t**2 - 7*t + 24. Give h(12).
-60
Let h(z) = -12*z**3 - 1. What is h(1)?
-13
Let o(q) = q + 13. Determine o(-7).
6
Let j(b) = 11*b + 35. Determine j(-4).
-9
Let r(b) = -b**3 - 16*b**2 - 18*b - 26. Determine r(-15).
19
Let w(b) = -b. Calculate w(1).
-1
Let x(o) = o**2 + 32*o + 183. Calculate x(-25).
8
Let b(o) = 4*o**2 - 16*o - 5. Give b(4).
-5
Let k(c) = 4*c + 5. Give k(-2).
-3
Let g(i) = i**2 - 2*i - 6. What is g(4)?
2
Let p(m) = -m**3 - 3*m**2 + 11*m + 5. Determine p(-4).
-23
Let z(c) = 6*c**2 + c - 1. Determine z(1).
6
Let j(o) = -o**2 - 4*o - 3. Determine j(-5).
-8
Let r(f) = -f**2 + 5*f - 1. What is r(4)?
3
Let s(o) = -o**3 - 19*o**2 - o - 7. Determine s(-19).
12
Let o(v) = 2*v**2 - 5*v + 5. What is o(3)?
8
Let i(w) = w**3 - 3*w**2 + 43*w - 133. Determine i(3).
-4
Let f(r) = -r**3 + 2*r**2 + 5*r - 4. Give f(4).
-16
Let m(r) = 12*r + 143. What is m(-11)?
11
Let m(z) = z**3 + 18*z**2 - z - 21. Give m(-18).
-3
Let b(m) = -m**3 - 3*m**2 + 6*m + 5. Calculate b(-4).
-3
Let t(b) = b**3 + 9*b**2 - 9*b + 2. Calculate t(-10).
-8
Let l(g) = 2*g**2 + 27*g + 72. Calculate l(-4).
-4
Let n(d) = 5*d**2 - 3*d - 1. Determine n(-1).
7
Let d(x) = 30*x**2 + 2*x + 1. What is d(-1)?
29
Let l(o) = 8*o + 52. Give l(-6).
4
Let o(x) = x**2 + 12*x + 5. Calculate o(-12).
5
Let u(f) = -89*f + 7. What is u(-1)?
96
Let x(l) = -l**3 - 64*l**2 - 6*l - 377. What is x(-64)?
7
Let k(t) = t**3 + 2*t**2 - 4*t - 1. Determine k(-3).
2
Let u(t) = t**3 + 6*t**2 + 2*t - 14. Calculate u(-6).
-26
Let j(c) = c**2 + 14*c - 52. Give j(-17).
-1
Let q(m) = -6*m + 19. Calculate q(4).
-5
Let y(b) = b**3 - 4*b**2 - 2*b - 6. What is y(6)?
54
Let c(k) = -k**3 + 5*k**2 + 3*k - 5. Calculate c(5).
10
Let q(o) = 11*o - 414. What is q(38)?
4
Let a(f) = 5*f**2 - 33*f - 1. Determine a(7).
13
Let a(d) = d**3 - 3*d**2 + 8*d - 7. What is a(2)?
5
Let m(r) = 5*r**2 + 3*r + 2. What is m(4)?
94
Let w(r) = r**3 - 5*r**2 - 4*r - 7. What is w(6)?
5
Let r(d) = 6*d + 5. Calculate r(9).
59
Let k(f) = -5*f**2 + f + 2. Calculate k(-4).
-82
Let w(a) = -2*a**2 - 28*a + 24. Give w(-15).
-6
Let f(y) = y**2 - 40*y + 207. What is f(34)?
3
Let d(b) = -2*b**2 - 23*b - 2. Give d(-11).
9
Let n(w) = -w**2 + 6*w + 22. Determine n(8).
6
Let o(s) = -2*s + 26. Calculate o(0).
26
Let j(z) = -z**2 - 11*z + 33. Calculate j(-14).
-9
Let i(u) = u**3 - u**2. What is i(0)?
0
Let n(z) = z**3 - 8*z**2 - 14*z + 16. What is n(10)?
76
Let b(k) = -k**2 - 3*k - 6. What is b(-4)?
-10
Let m(g) = -3*g - 30. What is m(-11)?
3
Let b(v) = 4*v + 97. Calculate b(-25).
-3
Let b(d) = 11*d**2 + 3*d + 7. What is b(2)?
57
Let q(s) = 13*s + 4. Give q(2).
30
Let z(f) = -f**2 + 21*f - 57. Determine z(18).
-3
Let n(r) = r + 10. What is n(3)?
13
Let n(z) = 2*z - 3. Determine n(-2).
-7
Let i(y) = y**3 + 7*y**2 + 3*y - 10. What is i(-6)?
8
Let p(x) = -8*x**2 + 8*x + 11. Determine p(-2).
-37
Let i(k) = 9*k + 9. Give i(5).
54
Let n(i) = -i**2 - i + 23. Give n(0).
23
Let w(z) = 2*z + 68. What is w(-22)?
24
Let z(a) = 6*a + 7. Calculate z(-2).
-5
Let x(a) = -97*a + 296. Calculate x(3).
5
Let n(z) = -z**3 + 4*z**2 - 3*z. What is n(4)?
-12
Let i(w) = -2*w**2 + 247*w + 756. Give i(-3).
-3
Let m(x) = -x**2 + 14*x + 4. Calculate m(14).
4
Let q(d) = 9*d - 18. What is q(0)?
-18
Let m(v) = -v**3 + 15*v**2 + 17*v - 24. Determine m(16).
-8
Let g(d) = -3*d + 5. Calculate g(0).
5
Let n(m) = -147*m**2 - 8*m - 8. What is n(-1)?
-147
Let b(o) = -2*o**2 + 26*o - 18. Determine b(12).
6
Let j(f) = -4*f + 31. Determine j(17).
-37
Let l(c) = -6*c - 182. Determine l(-29).
-8
Let w(z) = -z**2 + 5*z + 8. Determine w(8).
-16
Let j(y) = 10*y - 34. Determine j(4).
6
Let r(g) = -42*g - 2. Give r(1).
-44
Let y(p) = -p**3 - p**2 - p. What is y(0)?
0
Let o(l) = -8*l + 55. Calculate o(7).
-1
Let y(v) = 10*v - 1. Determine y(-2).
-21
Let g(m) = 2*m**2 - 27*m + 5. Determine g(12).
-31
Let l(i) = -i**2 + 13*i - 34. What is l(6)?
8
Let b(u) = 2*u + 14. Give b(-6).
2
Let w(l) = l**3 - 8*l**2 - 22*l + 17. Determine w(10).
-3
Let j(k) = k**2 + 8*k - 72. Give j(6).
12
Let j(i) = 2*i - 41. Determine j(20).
-1
Let n(x) = x - 5. Calculate n(0).
-5
Let g(i) = -4*i + 23. Give g(12).
-25
Let o(q) = -q**3 + 53*q**2 + 55*q - 48. Calculate o(54).
6
Let t(o) = -9*o + 1. What is t(1)?
-8
Let i(y) = y**2 + y - 5. Give i(-5).
15
Let s(f) = -f**2 + 2*f - 1. Determine s(5).
-16
Let u(t) = -